he hundreds digit of 577964091?
0
What is the ten millions digit of 29495381?
2
What is the units digit of 41120509?
9
What is the hundred thousands digit of 172210196?
2
What is the thousands digit of 1209885850?
5
What is the tens digit of 22157519?
1
What is the thousands digit of 3049156370?
6
What is the ten thousands digit of 24533071?
3
What is the hundred millions digit of 642869446?
6
What is the hundred thousands digit of 299465946?
4
What is the thousands digit of 414771909?
1
What is the ten millions digit of 39095802?
3
What is the millions digit of 873188179?
3
What is the thousands digit of 60770892?
0
What is the units digit of 479896423?
3
What is the hundreds digit of 8832505772?
7
What is the billions digit of 1633807306?
1
What is the hundred thousands digit of 1098941829?
9
What is the millions digit of 475106517?
5
What is the hundred thousands digit of 306209070?
2
What is the ten thousands digit of 610489462?
8
What is the thousands digit of 1520176084?
6
What is the hundred millions digit of 1616282455?
6
What is the hundreds digit of 23158397?
3
What is the millions digit of 14088338?
4
What is the ten millions digit of 336274660?
3
What is the hundreds digit of 3293559792?
7
What is the hundred millions digit of 410737015?
4
What is the hundred millions digit of 866382851?
8
What is the billions digit of 1779627330?
1
What is the tens digit of 131811316?
1
What is the ten millions digit of 3422850897?
2
What is the thousands digit of 734429762?
9
What is the hundred millions digit of 4288119163?
2
What is the thousands digit of 109669109?
9
What is the hundreds digit of 804877496?
4
What is the tens digit of 11585258?
5
What is the units digit of 1071229067?
7
What is the hundred thousands digit of 30211329?
2
What is the tens digit of 208916770?
7
What is the ten thousands digit of 74633594?
3
What is the units digit of 156784902?
2
What is the ten thousands digit of 379996439?
9
What is the thousands digit of 328600992?
0
What is the ten thousands digit of 4118764568?
6
What is the hundreds digit of 684926429?
4
What is the thousands digit of 116413825?
3
What is the millions digit of 33794275?
3
What is the thousands digit of 61128047?
8
What is the thousands digit of 144512157?
2
What is the units digit of 874829297?
7
What is the tens digit of 5988673?
7
What is the hundred millions digit of 463963827?
4
What is the tens digit of 44139146?
4
What is the hundreds digit of 364502745?
7
What is the ten millions digit of 32022970?
3
What is the tens digit of 709469634?
3
What is the thousands digit of 123033369?
3
What is the ten millions digit of 53266005?
5
What is the units digit of 1009151762?
2
What is the hundred millions digit of 187627069?
1
What is the hundred millions digit of 395402762?
3
What is the ten thousands digit of 6725884?
2
What is the tens digit of 572261838?
3
What is the hundred thousands digit of 277274253?
2
What is the ten millions digit of 47968017?
4
What is the ten thousands digit of 37540737?
4
What is the tens digit of 1393411760?
6
What is the ten millions digit of 68430073?
6
What is the billions digit of 2432251340?
2
What is the ten millions digit of 255441718?
5
What is the ten thousands digit of 19160925?
6
What is the ten thousands digit of 71006396?
0
What is the ten millions digit of 2395488610?
9
What is the thousands digit of 60505797?
5
What is the ten millions digit of 263378870?
6
What is the tens digit of 116865366?
6
What is the hundred thousands digit of 177470194?
4
What is the hundreds digit of 1127001973?
9
What is the ten millions digit of 32318163?
3
What is the tens digit of 90029635?
3
What is the ten millions digit of 18801680?
1
What is the hundred thousands digit of 19712846?
7
What is the tens digit of 28210429?
2
What is the ten thousands digit of 507573183?
7
What is the hundred thousands digit of 90236096?
2
What is the millions digit of 257605492?
7
What is the millions digit of 15443479?
5
What is the units digit of 129844679?
9
What is the ten thousands digit of 120116339?
1
What is the ten millions digit of 1080231572?
8
What is the millions digit of 1437462719?
7
What is the hundred thousands digit of 475393485?
3
What is the tens digit of 30998390?
9
What is the ten millions digit of 5571565055?
7
What is the billions digit of 4529434937?
4
What is the ten millions digit of 1553832363?
5
What is the thousands digit of 758629467?
9
What is the hundreds digit of 6831524759?
7
What is the tens digit of 29906888?
8
What is the millions digit of 463050603?
3
What is the units digit of 54705753?
3
What is the hundreds digit of 80854079?
0
What is the billions digit of 5531174829?
5
What is the millions digit of 152700368?
2
What is the units digit of 4677494?
4
What is the ten thousands digit of 58251319?
5
What is the millions digit of 205680332?
5
What is the ten thousands digit of 1710102476?
0
What is the ten thousands digit of 41206939?
0
What is the tens digit of 128398967?
6
What is the ten millions digit of 1642062828?
4
What is the hundred thousands digit of 2725957808?
9
What is the tens digit of 908887964?
6
What is the hundred millions digit of 208492797?
2
What is the hundreds digit of 277724814?
8
What is the hundreds digit of 89624012?
0
What is the hundred millions digit of 286448051?
2
What is the hundred thousands digit of 5271211?
2
What is the hundreds digit of 169188891?
8
What is the millions digit of 602314347?
2
What is the tens digit of 61579202?
0
What is the tens digit of 7348283?
8
What is the thousands digit of 31082568?
2
What is the units digit of 12001298?
8
What is the ten thousands digit of 58160815?
6
What is the millions digit of 273906260?
3
What is the millions digit of 52197821?
2
What is the ten millions digit of 87707888?
8
What is the hundreds digit of 68204883?
8
What is the ten thousands digit of 1269828473?
2
What is the thousands digit of 4817873758?
3
What is the ten thousands digit of 1247647933?
4
What is the units digit of 2086742977?
7
What is the hundred millions digit of 386723783?
3
What is the units digit of 613880238?
8
What is the ten millions digit of 78892093?
7
What is the tens digit of 516144574?
7
What is the thousands digit of 641309141?
9
What is the ten millions digit of 6134088906?
3
What is the millions digit of 540797265?
0
What is the hundred thousands digit of 2668381394?
3
What is the hundreds digit of 212373981?
9
What is the thousands digit of 627947068?
7
What is the ten millions digit of 1177789704?
7
What is the ten millions digit of 3942995189?
4
What is the billions digit of 1629145589?
1
What is the millions digit of 432614229?
2
What is the units digit of 229046846?
6
What is the units digit of 9466595?
5
What is the millions digit of 4705963639?
5
What is the hundred millions digit of 1514639299?
5
What is the billions digit of 4943684880?
4
What is the millions digit of 238134983?
8
What is the tens digit of 27130483?
8
What is the hundred millions digit of 6280722878?
2
What is the millions digit of 453256106?
3
What is the tens digit of 59544623?
2
What is the millions digit of 5257587031?
7
What is the hundreds digit of 93003948?
9
What is the ten millions digit of 65765518?
6
What is the hundred thousands digit of 16108242?
1
What is the ten millions digit of 233226018?
3
What is the units digit of 29028641?
1
What is the units digit of 478616539?
9
What is the ten thousands digit of 345499325?
9
What is the ten thousands digit of 4249722082?
2
What is the tens digit of 17744230?
3
What is the hundred thousands digit of 418650607?
6
What is the millions digit of 47051001?
7
What is the millions digit of 31579355?
1
What is the units digit of 256649386?
6
What is the hundred thousands digit of 54956898?
9
What is the ten millions digit of 83288209?
8
What is the tens digit of 773003887?
8
What is the hundred thousands digit of 236740661?
7
What is the tens digit of 178159891?
9
What is the hundreds digit of 18880990?
9
What is the tens digit of 446223224?
2
What is the hundreds digit of 3753681047?
0
What is the hundred millions digit of 4273266663?
2
What is the millions digit of 150197168?
0
What is the hundred thousands digit of 76385872?
3
What is the thousands 